182 and 636874.
14
Calculate the greatest common divisor of 264516 and 3478.
94
Calculate the greatest common divisor of 8405 and 14473.
41
What is the highest common divisor of 19204 and 4?
4
Calculate the highest common divisor of 92506 and 138.
46
Calculate the highest common factor of 88 and 331309.
11
Calculate the greatest common divisor of 8 and 164.
4
What is the highest common factor of 11995 and 15?
5
Calculate the highest common factor of 23175 and 180.
45
Calculate the highest common factor of 7513 and 176.
11
Calculate the highest common divisor of 24 and 119344.
8
What is the greatest common divisor of 84430 and 10?
10
Calculate the greatest common factor of 48 and 3105488.
16
Calculate the highest common divisor of 1527 and 264.
3
Calculate the highest common factor of 14 and 5478634.
14
Calculate the highest common factor of 240 and 18090.
30
Calculate the greatest common divisor of 49 and 520037.
49
What is the highest common divisor of 521620 and 20?
20
What is the highest common divisor of 14 and 164?
2
Calculate the highest common factor of 5037 and 1898.
73
What is the greatest common divisor of 48401 and 464?
29
Calculate the highest common divisor of 13215 and 1455.
15
What is the greatest common factor of 158 and 63911?
79
Calculate the greatest common factor of 918 and 50082.
102
Calculate the greatest common factor of 4511 and 65.
13
Calculate the highest common divisor of 99655 and 95.
95
Calculate the greatest common factor of 69 and 54809.
23
What is the highest common divisor of 77960 and 1000?
40
Calculate the greatest common divisor of 189 and 110250.
63
Calculate the greatest common factor of 492 and 11532.
12
Calculate the highest common divisor of 6108 and 348.
12
What is the greatest common factor of 347 and 44416?
347
What is the highest common factor of 476 and 40404?
28
What is the greatest common divisor of 1560 and 116805?
195
What is the highest common factor of 4843 and 2?
1
Calculate the greatest common factor of 54295 and 15.
5
Calculate the highest common divisor of 1453709 and 19.
19
What is the greatest common divisor of 21437 and 92053?
1261
What is the highest common divisor of 42 and 136080?
42
Calculate the greatest common factor of 574 and 4.
2
What is the highest common factor of 15 and 1185?
15
What is the highest common divisor of 1353 and 153627?
123
What is the highest common factor of 33 and 4548?
3
What is the greatest common divisor of 162320 and 80?
80
What is the greatest common divisor of 232218 and 72?
18
What is the greatest common factor of 392 and 173852?
196
What is the highest common factor of 25 and 1744475?
25
What is the greatest common factor of 669 and 1417611?
669
Calculate the greatest common factor of 4 and 2002.
2
What is the highest common factor of 1310 and 33470?
10
Calculate the highest common factor of 6495 and 40.
5
Calculate the greatest common divisor of 23596 and 884.
68
Calculate the greatest common factor of 38301 and 51.
51
What is the greatest common factor of 2564705 and 2145?
715
Calculate the greatest common factor of 701270 and 20.
10
Calculate the highest common divisor of 135978 and 1557.
519
What is the highest common divisor of 2236 and 3328?
52
What is the highest common factor of 121 and 72479?
121
Calculate the highest common factor of 8607 and 2109.
57
Calculate the highest common divisor of 207713 and 253.
253
Calculate the highest common factor of 2093 and 140.
7
What is the highest common factor of 990 and 7470?
90
Calculate the greatest common factor of 141750 and 1539.
81
Calculate the highest common divisor of 97418 and 402.
134
What is the highest common factor of 200718 and 546?
42
What is the greatest common factor of 4230 and 17296?
94
Calculate the highest common divisor of 18708 and 33.
3
What is the highest common divisor of 85 and 205?
5
Calculate the greatest common divisor of 23882 and 38.
2
Calculate the greatest common divisor of 14700 and 153860.
980
What is the highest common divisor of 2135071 and 398?
199
What is the highest common factor of 90779 and 26?
13
Calculate the highest common divisor of 31349 and 537022.
1363
Calculate the highest common factor of 15801 and 23.
23
What is the greatest common factor of 430 and 5660?
10
What is the highest common factor of 478600 and 400?
200
What is the greatest common divisor of 1492311 and 11832?
1479
Calculate the greatest common divisor of 1301558 and 2.
2
What is the greatest common divisor of 33 and 104258?
11
What is the highest common divisor of 938 and 10024?
14
What is the greatest common divisor of 2405 and 260?
65
Calculate the highest common divisor of 184 and 152536.
184
What is the highest common divisor of 496 and 3504?
16
Calculate the greatest common factor of 559286 and 31850.
1274
Calculate the highest common factor of 242988 and 84.
12
What is the greatest common factor of 29 and 3997679?
29
Calculate the highest common factor of 3160 and 22030.
10
What is the highest common factor of 23707 and 6280?
157
What is the highest common factor of 4824 and 1330620?
804
Calculate the greatest common factor of 505984 and 4824.
536
Calculate the greatest common divisor of 5 and 299045.
5
What is the highest common factor of 138 and 715461?
69
What is the highest common divisor of 19767 and 1056?
33
Calculate the highest common factor of 130 and 30890.
10
Calculate the greatest common divisor of 63168 and 768.
192
What is the highest common factor of 19758 and 114?
6
Calculate the greatest common divisor of 673797 and 57.
57
Calculate the highest common factor of 471120 and 29898.
906
Calculate the highest common divisor of 19548 and 19386.
54
Calculate the highest common factor of 10908 and 4646.
202
Calculate the highest common factor of 60608 and 992.
32
Calculate the greatest common divisor of 24 and 24006.
6
Calculate the highest common factor of 9 and 347289.
3
What is the greatest common divisor of 18864 and 36?
36
What is the highest common divisor of 672 and 8332?
4
What is the highest common divisor of 228 and 336300?
228
Calculate the greatest common factor of 71 and 1370939.
71
What is the greatest common divisor of 10525 and 75?
25
Calculate the highest common factor of 150 and 40650.
150
What is the greatest common divisor of 6552 and 25272?
936
Calculate the highest common factor of 21087 and 2079.
297
What is the greatest common factor of 1260742 and 42?
14
What is the highest common factor of 17250 and 207?
69
Calculate the highest common divisor of 84 and 556248.
84
Calculate the greatest common factor of 3658 and 1652.
118
What is the highest common factor of 196 and 31801?
49
What is the highest common factor of 3043182 and 6?
6
Calculate the greatest common factor of 188887 and 1394.
697
What is the highest common factor of 58000 and 4250?
250
What is the greatest common factor of 12251776 and 128?
128
What is the highest common factor of 99341 and 44?
11
What is the highest common divisor of 4 and 1802?
2
What is the greatest common divisor of 15 and 62600?
5
What is the highest common factor of 2169 and 1530?
9
What is the greatest common factor of 40 and 355?
5
Calculate the greatest common factor of 4033 and 1887.
37
What is the highest common divisor of 164565 and 2915?
265
Calculate the highest common divisor of 2320 and 45360.
80
What is the highest common factor of 506 and 3335?
23
What is the greatest common divisor of 370 and 29415?
185
What is the highest common factor of 590 and 185378?
118
What is the highest common factor of 651 and 2387?
217
Calculate the greatest common factor of 622 and 1557799.
311
Calculate the highest common factor of 127743 and 297.
33
What is the greatest common factor of 19286988 and 28?
28
Calculate the greatest common factor of 2709 and 553.
7
What is the greatest common factor of 759231 and 99?
99
What is the highest common divisor of 40572 and 1?
1
Calculate the highest common divisor of 198940 and 14.
14
Calculate the highest common divisor of 14046 and 27.
3
Calculate the highest common factor of 729 and 20988.
9
Calculate the highest common factor of 91515 and 120.
15
Calculate the greatest common factor of 2562 and 501.
3
Calculate the greatest common divisor of 46 and 7291.
23
What is the high